{"id":1940,"date":"2024-09-25T07:27:29","date_gmt":"2024-09-25T05:27:29","guid":{"rendered":"https:\/\/zermalinis.ch\/?page_id=1940"},"modified":"2025-06-09T08:24:02","modified_gmt":"2025-06-09T06:24:02","slug":"mehr-ueber-zerma-linis","status":"publish","type":"page","link":"https:\/\/zermalinis.ch\/index.php\/mehr-ueber-zerma-linis\/","title":{"rendered":"Mehr \u00fcber uns&#8230;"},"content":{"rendered":"\n<div class=\"wp-block-group is-layout-flow wp-block-group-is-layout-flow\">\n<p class=\"has-text-align-left has-black-color has-text-color has-link-color has-fantasi-women-font-family has-x-large-font-size wp-elements-a81d1faf3120a309e37e18f3d6e74e00\">Wer steht hinter ZerMa-linis&#8230;.?<\/p>\n<\/div>\n\n\n\n<figure class=\"wp-block-gallery has-nested-images columns-default is-cropped wp-block-gallery-1 is-layout-flex wp-block-gallery-is-layout-flex\">\n<figure class=\"wp-block-image size-large\"><img loading=\"lazy\" decoding=\"async\" width=\"1024\" height=\"341\" data-id=\"2158\" src=\"https:\/\/zermalinis.ch\/wp-content\/uploads\/2024\/09\/aa1b15a4-a72f-4c10-811b-56c583bcbf68-1024x341.jpeg\" alt=\"\" class=\"wp-image-2158\" srcset=\"https:\/\/zermalinis.ch\/wp-content\/uploads\/2024\/09\/aa1b15a4-a72f-4c10-811b-56c583bcbf68-1024x341.jpeg 1024w, https:\/\/zermalinis.ch\/wp-content\/uploads\/2024\/09\/aa1b15a4-a72f-4c10-811b-56c583bcbf68-300x100.jpeg 300w, https:\/\/zermalinis.ch\/wp-content\/uploads\/2024\/09\/aa1b15a4-a72f-4c10-811b-56c583bcbf68-768x256.jpeg 768w, https:\/\/zermalinis.ch\/wp-content\/uploads\/2024\/09\/aa1b15a4-a72f-4c10-811b-56c583bcbf68-1536x512.jpeg 1536w, https:\/\/zermalinis.ch\/wp-content\/uploads\/2024\/09\/aa1b15a4-a72f-4c10-811b-56c583bcbf68-2048x683.jpeg 2048w, https:\/\/zermalinis.ch\/wp-content\/uploads\/2024\/09\/aa1b15a4-a72f-4c10-811b-56c583bcbf68-1140x380.jpeg 1140w, https:\/\/zermalinis.ch\/wp-content\/uploads\/2024\/09\/aa1b15a4-a72f-4c10-811b-56c583bcbf68-380x127.jpeg 380w\" sizes=\"auto, (max-width: 1024px) 100vw, 1024px\" \/><\/figure>\n<\/figure>\n\n\n\n<p class=\"has-black-color has-text-color has-link-color has-fantasi-women-font-family has-large-font-size wp-elements-af5c7b6173ad1e773a899a2eabe3d26a\">Herr ZerMa-linis Martin<\/p>\n\n\n\n<p class=\"has-black-color has-text-color has-link-color has-fantasi-women-font-family has-large-font-size wp-elements-4ecd52d4871ca5de1fed7b2004b7cee9\">Es macht mir Freude, etwas Einzigartiges zu erschaffen und dabei meine Pers\u00f6nlichkeit zum Ausdruck zu bringen. Au\u00dferdem inspiriert mich die kreative Arbeit, Neues zu entdecken und mich st\u00e4ndig weiterzuentwickeln.<\/p>\n\n\n\n<p class=\"has-black-color has-text-color has-link-color has-fantasi-women-font-family has-large-font-size wp-elements-7951c26b89ffb8230aa000366d87c005\"><br>Frau ZerMa-linis Manuela<\/p>\n\n\n\n<p class=\"has-black-color has-text-color has-link-color has-fantasi-women-font-family has-large-font-size wp-elements-26fef76c3555ef0807aa835903ec2553\">Ich liebe es kreativ zu sein\ud83d\udc9c n\u00e4hen, sticken, plotten, sublimieren&#8230;. und vieles mehr. Mit verschiedenen Materialien zu experimentieren und Ideen zu verwirklichen bereitet mir unendlich viel Freude und ist mein Ausgleich zum Alltag .<\/p>\n\n\n\n<p class=\"has-black-color has-text-color has-link-color wp-elements-9ac00cf961d1ea846fe5a532228b76c6\"><\/p>\n\n\n\n<p><\/p>\n","protected":false},"excerpt":{"rendered":"<p>Wer steht hinter ZerMa-linis&#8230;.? Herr ZerMa-linis Martin Es macht mir Freude, etwas Einzigartiges zu erschaffen und dabei meine Pers\u00f6nlichkeit zum Ausdruck zu bringen. Au\u00dferdem inspiriert mich die kreative Arbeit, Neues zu entdecken und mich st\u00e4ndig weiterzuentwickeln. Frau ZerMa-linis Manuela Ich liebe es kreativ zu sein\ud83d\udc9c n\u00e4hen, sticken, plotten, sublimieren&#8230;. und vieles mehr. Mit verschiedenen Materialien [&hellip;]<\/p>\n","protected":false},"author":1,"featured_media":0,"parent":0,"menu_order":0,"comment_status":"closed","ping_status":"closed","template":"","meta":{"footnotes":""},"class_list":["post-1940","page","type-page","status-publish","hentry"],"_links":{"self":[{"href":"https:\/\/zermalinis.ch\/index.php\/wp-json\/wp\/v2\/pages\/1940","targetHints":{"allow":["GET"]}}],"collection":[{"href":"https:\/\/zermalinis.ch\/index.php\/wp-json\/wp\/v2\/pages"}],"about":[{"href":"https:\/\/zermalinis.ch\/index.php\/wp-json\/wp\/v2\/types\/page"}],"author":[{"embeddable":true,"href":"https:\/\/zermalinis.ch\/index.php\/wp-json\/wp\/v2\/users\/1"}],"replies":[{"embeddable":true,"href":"https:\/\/zermalinis.ch\/index.php\/wp-json\/wp\/v2\/comments?post=1940"}],"version-history":[{"count":19,"href":"https:\/\/zermalinis.ch\/index.php\/wp-json\/wp\/v2\/pages\/1940\/revisions"}],"predecessor-version":[{"id":3575,"href":"https:\/\/zermalinis.ch\/index.php\/wp-json\/wp\/v2\/pages\/1940\/revisions\/3575"}],"wp:attachment":[{"href":"https:\/\/zermalinis.ch\/index.php\/wp-json\/wp\/v2\/media?parent=1940"}],"curies":[{"name":"wp","href":"https:\/\/api.w.org\/{rel}","templated":true}]}}